u + 2114 = 0. What are the prime factors of b?
421
Suppose 33711 - 117751 = -44*f. What are the prime factors of f?
2, 5, 191
Let d(o) = o**2 + 2*o - 5. Let s = 49 + -89. Let p be ((-16)/s)/(2/(-30)). What are the prime factors of d(p)?
19
Suppose -22 = -2*t + 2*j, 4*t - 5*j - 41 = -0*t. Let r be (1 - 3)*7/t. List the prime factors of 3 - 2 - r - -17.
19
Suppose 2*u - 32 = 6*u. Let w be (-4*2/u)/(-1). List the prime factors of 28 - 0/(-2) - w.
29
Suppose 5*d - 24 = 4*u, 5 - 13 = -3*d - 4*u. Suppose 0 = -d*f - 2*f + 540. What are the prime factors of f?
2, 3, 5
Suppose 0 = -0*q + 3*q. Suppose q = 4*a - 36 - 80. List the prime factors of a.
29
Suppose -3*h = -2*z + 24, 3*z - z - 2*h = 22. Suppose 1150 = -4*s + z*s. Suppose -125 - 97 = -5*r + 3*u, -5*r + s = -5*u. List the prime factors of r.
2, 3, 7
Let u be 16*(4 + (-117)/(-6) + 0). Suppose u = 14*g - 12*g. List the prime factors of g.
2, 47
Suppose 2*l + 0 = 4*o - 32, 36 = -4*l + o. Let b = -6 - -6. Let p = b - l. What are the prime factors of p?
2
Suppose -v + 0*v = 3*j, -v = 0. Suppose s + p = -10, 4*s = -j*s - 2*p - 44. What are the prime factors of (s + 1)/((-1)/1)?
11
List the prime factors of 1201 - (19 + 0 + -10).
2, 149
Let k = -154 + 295. Suppose -2*l + 4*p + k = -53, 2*p - 418 = -4*l. What are the prime factors of l?
103
Let m = -1972 - -3140. List the prime factors of m.
2, 73
List the prime factors of (-376)/(-12)*(76 - 19).
2, 19, 47
Let w(k) = -2*k**2 + 14*k - 5. Let h(p) = 4 - 96*p**2 + 0 - 15*p + 99*p**2. Let q(i) = -3*h(i) - 4*w(i). What are the prime factors of q(-11)?
2
Suppose -33*x + 22680 = -9*x. List the prime factors of x.
3, 5, 7
Let a(s) = 69*s**3 + 4*s**2 - 8*s + 3. List the prime factors of a(2).
3, 5, 37
Let j(a) = -93*a + 124. What are the prime factors of j(-10)?
2, 17, 31
Let s be (1/(-2)*4)/(-1). Let q = -14 + 17. What are the prime factors of 26 + (-1 + q)/s?
3
Let d(k) = 10*k**2 - 5*k + 9. Let g(a) = 9*a**2 - 6*a + 9. Let n(p) = -3*d(p) + 4*g(p). List the prime factors of n(4).
3, 23
Suppose 5*z = 2*b + 561, 0 = z - 0*z - 5*b - 103. What are the prime factors of z?
113
Let w(s) = -s**3 + 20*s**2 - 9*s - 89. What are the prime factors of w(17)?
5
Suppose -6*s + 217 = -161. What are the prime factors of 300/(-35)*s/(-6)?
2, 3, 5
List the prime factors of (162288/686)/((-2)/(-14)).
2, 3, 23
Let f(z) = -49*z**3 + z**2 + z - 1. Let q be f(1). Let r be (1 - 2/3) + (-86)/6. Let h = r - q. What are the prime factors of h?
2, 17
Let l(w) = 27*w**2 + 4*w - 21. List the prime factors of l(-7).
2, 7, 13
Let q(f) = f**2 - 2*f + 7. Let n be q(0). Suppose n = -3*r - 5. List the prime factors of (-1332)/(-27) - r/(-3).
2, 3
Let w = 16 + -33. Let r be -28 + (-4 - -2)*2. Let g = w - r. What are the prime factors of g?
3, 5
Suppose -2*z - 5*o = 393, z - 5*o + 174 = -0*z. Let j = 500 + z. List the prime factors of j.
311
What are the prime factors of (1 - 0)/(30/5190)?
173
Let u = -1072 - -1512. What are the prime factors of (36/5)/(12/u)?
2, 3, 11
Suppose -7 = -x - 5*r, 2*x - 2*r + 3*r - 32 = 0. Let s(p) = p + 10. Let i be s(10). Let d = i - x. What are the prime factors of d?
3
Let r be -4 + 5/(25/(-135)). Let l = r - -42. List the prime factors of l.
11
Let l(t) = 209*t + 62. What are the prime factors of l(9)?
29, 67
Let q be 6 - (-1 - 10/(-5)). Suppose 5*g = 5*x - 25, -5*g + 22 + 3 = q*x. Suppose -6*t + 5*t + 28 = g. List the prime factors of t.
2, 7
Let i = 2 + -2. Let k(p) = p - p - p + 24 + 2*p. What are the prime factors of k(i)?
2, 3
Suppose 0 = -2*s - 3*s + 30. Suppose 5*c + 20 = 0, -s*u + 416 = -2*u - 3*c. What are the prime factors of u?
101
Let q(t) = t**2 - 11*t + 2. Let k be q(5). What are the prime factors of (-7)/(k/(-12)) - -161?
2, 79
Let d be (-54)/4*(-6 - 130/15). Let z = d - 94. List the prime factors of z.
2, 13
Let j(f) = -3*f**3 + 2*f**3 - 7 - f + 8*f**2 + 2*f. Suppose -3*p + 2*c + 0 = -22, -4*p + 4*c + 32 = 0. What are the prime factors of j(p)?
71
Let d(o) = o**2 - 18*o + 39. List the prime factors of d(22).
127
Let a(m) be the second derivative of m**5/20 - 5*m**4/12 + 11*m**3/6 - 2*m**2 + 5*m. Let n be a(5). Suppose 0 = -0*f + f - n. List the prime factors of f.
3, 17
Suppose -s - 11*s + 288 = 0. What are the prime factors of s?
2, 3
Let o = -341 - -243. Let r = -166 - o. What are the prime factors of (4/4)/((-4)/r)?
17
Suppose -3*g = 2*a - 19, -35 = -4*a + g - 4*g. Let y(o) = o**2 - 4*o + 6. Let p be y(a). List the prime factors of (p/(-2)*2)/(-2).
19
Let l(u) = -u**3 + u**2 + 14*u + 10. List the prime factors of l(-8).
2, 3, 79
Let v be 1*(2 + -3 - -16). Let c be v/10*12/(-9). What are the prime factors of ((-10)/15)/(c/75)?
5
Suppose p + 8*l + 21 = 13*l, -5*l + 23 = -3*p. What are the prime factors of (-7 - -11)*(p + (-141)/(-12))?
43
Suppose -201 = -4*s + 43. Suppose t - 53 = s. What are the prime factors of t?
2, 3, 19
Let l = -349 + 194. What are the prime factors of (-1)/3*(-1 + l)?
2, 13
Let p = 2743 - 675. List the prime factors of p.
2, 11, 47
Let p(x) = 5*x**3 + x**2 - x + 1. Let n(z) = -z**2 - 3*z + 2. Let j be n(-3). Let a be p(j). Suppose 2*s - 3 - a = 0. List the prime factors of s.
23
Let i(j) = -2*j**2 - 7*j + 17. Let z be ((-63)/(-14))/(-9)*10*1. What are the prime factors of i(z)?
2
Let x = 6508 + -1938. What are the prime factors of x?
2, 5, 457
Let g(f) = f**3 + 30*f**2 + 15*f - 74. What are the prime factors of g(-26)?
2, 5, 7
Suppose -3*u = 2*u + 4*w - 35, 0 = -4*u - w + 17. Suppose -79 = u*z - 7. Let d = -14 - z. What are the prime factors of d?
2, 5
List the prime factors of (1 + (-3)/2)/((-2)/4604).
1151
Suppose 3*q - 398 - 437 = g, 3*q - 4*g - 838 = 0. What are the prime factors of q?
2, 139
Let z(f) be the second derivative of 2*f**4/3 + f**3/6 + 9*f**2/2 + 12*f. List the prime factors of z(3).
2, 3, 7
Let i(b) = 10*b + 2. Let a(g) = 21*g + 4. Let u = -1 + -4. Let d(w) = u*i(w) + 2*a(w). What are the prime factors of d(-5)?
2, 19
Let x(r) = r - 8. Let w be x(0). Let b = 11 + w. Suppose -h + 89 = 3*a + h, -b*a + 91 = h. What are the prime factors of a?
31
Suppose 3*z + z = -8. Let o(p) = 5*p**2 + p - 4. What are the prime factors of o(z)?
2, 7
Let u(v) = 10*v**2 + 2*v + 64. What are the prime factors of u(8)?
2, 3, 5
Suppose -4*l + 3*l - 2*r + 8 = 0, -3*l + r + 24 = 0. Let y(o) = o**3 - 9*o**2 + 10*o - 1. Let d be y(l). Let x = d + 35. List the prime factors of x.
2, 5
Suppose l - 8 = -1. Suppose -4*o = 2*y - l*y, o = 5*y - 15. Suppose 2*a - o = -1. List the prime factors of a.
2
Suppose 276 = 3*p + 30. What are the prime factors of p?
2, 41
Suppose 0 = 7*s - 2393 - 3298. List the prime factors of s.
3, 271
Suppose 17022 = 34*n + 7060. What are the prime factors of n?
293
Suppose 1930 = 5*g + 2*u, u + 0*u - 383 = -g. Suppose g = t + 3*t. What are the prime factors of t?
97
Let v = -14 + 16. Suppose s - v*x - 84 = -6*x, -3*s + 236 = 4*x. Suppose 2*y = -5*a + 5*y + s, a - 3*y = 8. What are the prime factors of a?
17
Suppose 11*t - 63*t + 65416 = 0. What are the prime factors of t?
2, 17, 37
Let l be (2 + 0)/(-1) + 12. Let g = 7 - l. What are the prime factors of (g/4)/(2/(-8))?
3
Suppose -2 = -r + 10. Suppose -4*v + r*v = 472. What are the prime factors of v?
59
Suppose 3*m + m = -336. Let l = -256 - -240. List the prime factors of 4*(m/l - 2).
13
Suppose 5*n + 2*t = 888, 3*n + t - 2*t = 524. What are the prime factors of n?
2, 11
Let t be (-168)/20*(0 + -5). Let q be (t/(-2))/(12/16). What are the prime factors of 405/21 + 8/q?
19
Let i(b) = -7*b - 9. Let r be i(-16). List the prime factors of (r/(-3))/(3/(-9)).
103
Suppose -6 = 3*q - 5*q, -2*t - 29 = -5*q. Let k = 51 + t. Suppose z - k = -0*z. List the prime factors of z.
2, 11
Let b(q) = q**2 - 5*q + 2. Let o be b(5). Suppose -o*x - 100 = 2*x. List the prime factors of 6/8 + x/(-4).
7
Let z(x) = -x**3 + 7*x**2 + 4*x. Suppose 5*j + 14 = 4*f, -5*j + 6 = 3*f + 13. Let k be j/12 + (-86)/(-12). What are the prime factors of z(k)?
2, 7
Let k(z) = -z**3 + 3*z + 86. Let h(j) = j**2 - 6*j + 5. Let r be h(5). What are the prime factors of k(r)?
2, 43
Let z be 113/7 + 3/(-21). Let s = z - 20. Let h(j) = -3*j - 4. What are the prime factors of h(s)?
2
Let l = -62 - -77. Let a = 82 + l. List the prime factors of a.
97
Suppose -10 = -6*n + 2. List the prime factors of (-1 + 75/n +